2740.
2, 3, 5, 67, 79
What are the prime factors of 249066?
2, 3, 101, 137
List the prime factors of 477711.
3, 13, 1361
List the prime factors of 323627.
19, 17033
What are the prime factors of 18153662?
2, 31, 292801
What are the prime factors of 755233?
755233
What are the prime factors of 95369?
95369
What are the prime factors of 17586?
2, 3, 977
List the prime factors of 17162595.
3, 5, 109, 3499
List the prime factors of 19744531.
17, 1161443
List the prime factors of 17383200.
2, 3, 5, 7243
List the prime factors of 773195.
5, 59, 2621
What are the prime factors of 392212?
2, 31, 3163
List the prime factors of 5600360.
2, 5, 140009
List the prime factors of 1942039.
11, 176549
What are the prime factors of 3829926?
2, 3, 31, 59, 349
What are the prime factors of 1918834?
2, 211, 4547
List the prime factors of 197876.
2, 7, 37, 191
List the prime factors of 666391.
11, 29, 2089
What are the prime factors of 790068?
2, 3, 65839
What are the prime factors of 46688?
2, 1459
What are the prime factors of 3275809?
19, 172411
List the prime factors of 105315.
3, 5, 7, 17, 59
List the prime factors of 1278306.
2, 3, 47, 1511
List the prime factors of 2697799.
13, 207523
List the prime factors of 6353722.
2, 3176861
What are the prime factors of 3198633?
3, 23, 151, 307
What are the prime factors of 15442145?
5, 71, 43499
List the prime factors of 1972687.
23, 199, 431
List the prime factors of 40517447.
1447, 28001
List the prime factors of 208493.
208493
List the prime factors of 3482735.
5, 696547
List the prime factors of 522038.
2, 11, 61, 389
What are the prime factors of 4201761?
3, 1400587
List the prime factors of 2535139.
103, 151, 163
What are the prime factors of 4078639?
31, 41, 3209
What are the prime factors of 6015274?
2, 41, 109, 673
What are the prime factors of 21483595?
5, 7, 613817
List the prime factors of 22705.
5, 19, 239
List the prime factors of 1114719.
3, 371573
What are the prime factors of 1867435?
5, 373487
List the prime factors of 2081972.
2, 83, 6271
What are the prime factors of 795720?
2, 3, 5, 19, 349
What are the prime factors of 17552291?
47, 373453
List the prime factors of 12559634.
2, 17, 109, 3389
List the prime factors of 8039.
8039
What are the prime factors of 1672978?
2, 503, 1663
What are the prime factors of 710204?
2, 11, 16141
What are the prime factors of 468297?
3, 61, 853
List the prime factors of 39398632.
2, 7, 13, 23, 181
What are the prime factors of 3151910?
2, 5, 19, 53, 313
What are the prime factors of 532469?
7, 29, 43, 61
List the prime factors of 76082.
2, 109, 349
What are the prime factors of 3044164?
2, 59, 12899
List the prime factors of 282307.
282307
List the prime factors of 335344.
2, 20959
List the prime factors of 1174844.
2, 11, 26701
What are the prime factors of 321666?
2, 3, 53611
List the prime factors of 12350473.
379, 32587
What are the prime factors of 267230?
2, 5, 26723
What are the prime factors of 410853?
3, 136951
List the prime factors of 118447.
7, 16921
What are the prime factors of 353039?
17, 19, 1093
What are the prime factors of 246067?
103, 2389
List the prime factors of 2238559.
41, 71, 769
What are the prime factors of 1850718?
2, 3, 23, 13411
List the prime factors of 184045.
5, 36809
What are the prime factors of 245386?
2, 122693
List the prime factors of 523733.
7, 23, 3253
What are the prime factors of 3112554?
2, 3, 518759
What are the prime factors of 98556?
2, 3, 43, 191
What are the prime factors of 9579861?
3, 67, 15887
What are the prime factors of 8237208?
2, 3, 7, 49031
What are the prime factors of 4612519?
337, 13687
List the prime factors of 228122.
2, 167, 683
List the prime factors of 326426.
2, 227, 719
What are the prime factors of 10883798?
2, 5441899
List the prime factors of 304008.
2, 3, 53, 239
List the prime factors of 28667.
109, 263
List the prime factors of 320316.
2, 3, 26693
What are the prime factors of 888613?
11, 80783
List the prime factors of 6873506.
2, 31, 110863
List the prime factors of 143133.
3, 47711
What are the prime factors of 5235889?
83, 199, 317
List the prime factors of 543376.
2, 33961
What are the prime factors of 138789?
3, 7, 2203
List the prime factors of 6571290.
2, 3, 5, 11, 19913
What are the prime factors of 4436170?
2, 5, 547, 811
List the prime factors of 6584023.
67, 98269
What are the prime factors of 83734?
2, 7, 5981
What are the prime factors of 9596991?
3, 3198997
What are the prime factors of 479050?
2, 5, 11, 13, 67
What are the prime factors of 631597?
631597
List the prime factors of 104199.
3, 47, 739
What are the prime factors of 12832312?
2, 223, 7193
List the prime factors of 9563651.
1301, 7351
List the prime factors of 260856.
2, 3, 3623
What are the prime factors of 402270?
2, 3, 5, 11, 23, 53
List the prime factors of 755449.
755449
List the prime factors of 3975458.
2, 23, 86423
List the prime factors of 1742328.
2, 3, 7, 3457
What are the prime factors of 2093175?
3, 5, 7, 443
What are the prime factors of 28873935?
3, 5, 213881
List the prime factors of 2067204.
2, 3, 31, 5557
What are the prime factors of 1057465?
5, 211493
What are the prime factors of 21433567?
227, 94421
List the prime factors of 5920858.
2, 397, 7457
List the prime factors of 464751.
3, 7, 2459
List the prime factors of 6426262.
2, 3213131
What are the prime factors of 10564023?
3, 3521341
List the prime factors of 4119571.
593, 6947
What are the prime factors of 695391?
3, 29, 7993
List the prime factors of 662922.
2, 3, 13, 2833
What are the prime factors of 6835086?
2, 3, 379727
What are the prime factors of 451780?
2, 5, 7, 461
List the prime factors of 2888598.
2, 3, 481433
List the prime factors of 9187520.
2, 5, 28711
What are the prime factors of 16669161?
3, 47, 157, 251
What are the prime factors of 583437?
3, 194479
What are the prime factors of 76265?
5, 7, 2179
What are the prime factors of 1733618?
2, 181, 4789
List the prime factors of 502084.
2, 11, 11411
What are the prime factors of 15490029?
3, 5163343
List the prime factors of 341879.
341879
List the prime factors of 365544.
2, 3, 5077
List the prime factors of 70048.
2, 11, 199
What are the prime factors of 1075525?
5, 11, 3911
What are the prime factors of 7436081?
7436081
What are the prime factors of 1331674?
2, 157, 4241
What are the prime factors of 188239?
29, 6491
What are the prime factors of 4652005?
5, 739, 1259
List the prime factors of 359203.
13, 27631
What are the prime factors of 1378585?
5, 13, 127, 167
What are the prime factors of 1252303?
13, 96331
What are the prime factors of 1530759?
3, 510253
What are the prime factors of 440879?
43, 10253
List the prime factors of 1030906.
2, 23, 73, 307
List the prime factors of 154142.
2, 37, 2083
What are the prime factors of 4211057?
619, 6803
List the prime factors of 10892681.
19, 573299
List the prime factors of 2704952.
2, 338119
What are the prime factors of 323063?
13, 24851
List the prime factors of 2542534.
2, 107, 109
List the prime factors of 925761.
3, 308587
List the prime factors of 1570613.
11, 17, 37, 227
List the prime factors of 4630107.
3, 23, 67103
List the prime factors of 207214.
2, 7, 19, 41
List the prime factors of 179685.
3, 5, 11
What are the prime factors of 587412?
2, 3, 7, 37
What are the prime factors of 638054?
2, 319027
What are the prime factors of 5172215?
5, 1034443
What are the prime factors of 77341?
11, 79, 89
List the prime factors of 17722335.
3, 5, 29, 131, 311
What are the prime factors of 1993738?
2, 43, 97, 239
List the prime factors of 488496.
2, 3, 10177
What are the prime factors of 1858478?
2, 929239
List the prime factors of 1343100.
2, 3, 5, 11, 37
What are the prime factors of 23528?
2, 17, 173
What are the prime factors of 16601203?
16601203
List the prime factors of 20081.
43, 467
What are the prime factors of 260296?
2, 32537
What are the prime factors of 2442961?
89, 27449
What are the prime factors of 11111868?
2, 3, 308663
What are the prime factors of 14744?
2, 19, 97
What are the prime factors of 4348479?
3, 233, 6221
List the prime factors of 235214.
2, 7, 53, 317
List the prime factors of 25044.
2, 3, 2087
What are the prime factors of 5568886?
2, 557, 4999
What are the prime factors of 13137155?
5, 